e remainder when 202 is divided by v.
64
Let o(v) = v + 3. Calculate the remainder when 125 is divided by o(5).
5
Let x = -972 + 1081. What is the remainder when x is divided by 8?
5
What is the remainder when 21 is divided by 8 + (-4 + 1 - 0)?
1
Suppose 25*f - 30*f = -10. Let i(k) = 4*k - 2. What is the remainder when 23 is divided by i(f)?
5
Let s(v) be the second derivative of -v**5/20 - v**4/12 + 4*v**3/3 + v**2/2 + 10*v. What is the remainder when 49 is divided by s(-4)?
15
Suppose 0 = 4*j + m + 156, 2*m + m = j + 52. What is the remainder when 2/(-10) + (-1648)/j is divided by 14?
13
Let k(m) = -8*m + 7. What is the remainder when k(-5) is divided by ((-200)/(-180))/(10/216)?
23
Calculate the remainder when 55 is divided by (18 - 19) + 1*32.
24
Suppose 0 = -20*m + 1178 + 5282. Calculate the remainder when m is divided by 11.
4
Calculate the remainder when 561 is divided by 382/2 + (11 - 19).
12
Let c(z) be the second derivative of -z**5/20 - 7*z**4/12 - z**3/2 + z**2 - 6*z. What is the remainder when 67 is divided by c(-7)?
21
Let k(a) = -a**3 + 30*a**2 + 99*a + 15. Calculate the remainder when 102 is divided by k(33).
12
Suppose 4*w = -0*w + 3*i + 199, 0 = -w + i + 50. Suppose w = 3*m + 7. What is the remainder when 25 is divided by m?
11
Suppose -5*i = -3*t - 2*t - 250, t = 3*i - 158. Suppose -2*o + i = -32. Calculate the remainder when o is divided by 23.
20
Let t(d) = d**3 - d**2 + d + 23. Suppose 0 = 1098*x - 1109*x + 957. Calculate the remainder when x is divided by t(0).
18
Let t be ((-5 - 4) + 0)*1/(-3). Suppose -t*k + 33 = 8*k. Let w(f) = 6*f - 2. Calculate the remainder when w(2) is divided by k.
1
Let r = 66 + 313. What is the remainder when r is divided by 19?
18
Let r(f) = -f**2 + 5*f - 1. Let c be r(6). Let z(w) = w**3 + 6*w**2 - 8*w - 1. Suppose 13*b = 18*b - 10. What is the remainder when z(c) is divided by b?
0
Suppose 20*z - 32 - 148 = 0. Calculate the remainder when 187 is divided by z.
7
Let z = 106 + -51. Let p = z + -24. What is the remainder when p is divided by 16?
15
Suppose -r + 28 = -675. Suppose 5*s = -0*s - l + r, -5*l = -4*s + 574. What is the remainder when s is divided by 36?
33
Calculate the remainder when 52/286 + 174/11 is divided by 8.
0
Suppose -15*l = 1883 - 8003. Calculate the remainder when l is divided by 135.
3
Suppose -t + v = -91, 4*v = -5*t + 5*v + 459. What is the remainder when 459 is divided by t?
91
Suppose -5*g + 7*g + u - 48 = 0, 5*u = -g + 33. Suppose 503 - 173 = 5*t. What is the remainder when t is divided by g?
20
Let i = -63 - -66. Suppose -2*c = -4*l + 12 + 12, -5 = -i*l - 5*c. Calculate the remainder when 34 is divided by l.
4
Suppose -2 = -l, 3*h + 29 = -5*l + 108. Let x(j) = -3*j - 1. Let c be x(2). Let r = h - c. Calculate the remainder when r is divided by 16.
14
What is the remainder when (-153)/27 - -6 - 358/(-6) is divided by 24?
12
Suppose h + 6*j = 3*j + 30, -h - 5*j = -36. Let n = -17 + h. Let y(s) = 2*s**2 + 6*s + 2. What is the remainder when y(-4) is divided by n?
2
Suppose 5*j - 2*k = -7*k + 70, -3*k = -j + 22. What is the remainder when j is divided by (-3 + 1)/(5/(-25))?
6
Suppose k - 19 = -17. Suppose -5 + 30 = 2*o + 5*a, 2*o - k*a - 4 = 0. What is the remainder when o is divided by 3?
2
Let d(w) = 28*w**2 + 5. Let z(h) = h**3 + 10*h**2 - 13*h + 8. Calculate the remainder when d(2) is divided by z(-11).
27
Suppose 0 = 3*i + 5*z - 15, -3*i + 4*z + 20 = i. Let y = -50 + 56. Calculate the remainder when y is divided by i.
1
Suppose t = -4*k + 29, -4*t + 20 = k - 21. Calculate the remainder when 188 is divided by t.
8
Suppose -258 = -34*d + 28*d. Calculate the remainder when 3911 is divided by d.
41
Let a = -107 + 47. Let r = -40 - a. Let u = -12 + 89. Calculate the remainder when u is divided by r.
17
Suppose -4*r = 3*h - 23, 5*h - 5*r = -11 + 26. Calculate the remainder when 89 is divided by h.
4
Let z(v) = 6 + 0*v**2 - 2*v**2 + 14*v**2 - v**3. What is the remainder when 40 is divided by z(12)?
4
Suppose -396 = -3*v - 5*h, -644 = -2*v - 3*v - 3*h. Let r = 133 - 90. What is the remainder when v is divided by r?
41
Suppose -103*a + 1634 = -84*a. Calculate the remainder when a is divided by 16.
6
Suppose 2*p - 30 = 2*j, 2*j - 91 + 30 = -5*p. Suppose 4*h + 5*s + 0 = 16, 0 = h - s - p. What is the remainder when h is divided by 6?
3
Let q(x) = 3*x + 6. Let v be q(-3). Suppose 4*o - 166 = -2*n, 5*o - 4*n - 207 = -7*n. Calculate the remainder when o is divided by (4 + 14/v)/(4/(-66)).
9
What is the remainder when (-1)/((-10)/(-11640)*-6) is divided by 14?
12
Let v = -121 - -148. Suppose 3*r - 2*r - 30 = -2*s, -3*s - 2*r + 44 = 0. What is the remainder when v is divided by s?
11
Suppose 2*k + 13 = r, 0 = 4*r + 2*k - 8 - 84. Let i = r + -12. What is the remainder when (0 - (-15 - 1)) + 0 is divided by i?
7
Let m(u) = 5*u**2 - 3*u + 4. Calculate the remainder when 4 is divided by m(0).
0
Suppose 2*l - j = 100 - 13, 0 = -3*j + 3. What is the remainder when 240 is divided by l?
20
Let d = -215 + 224. What is the remainder when 34 is divided by d?
7
Let g = 14 + 10. Let k(x) = -35 - 8*x + 3*x**2 - x**2 + g - 3*x**2. What is the remainder when 5 is divided by k(-5)?
1
Let v(i) = -i - 9. Let j be v(-6). What is the remainder when 6 is divided by 4/(((-28)/j)/7)?
0
Let t = -468 + 667. What is the remainder when t is divided by 50?
49
Let f(b) = -10*b - 21. Suppose -9 = -j - 4*r + 2, -10 = -2*j - 5*r. Calculate the remainder when f(j) is divided by 16.
13
Let r(v) = -v**3 + 11*v**2 - 29*v + 32. Calculate the remainder when 2173 is divided by r(7).
23
Suppose 0 = -3*t - t + 40. Let d(s) = s**3 + 12*s**2 + s + 16. Let u be d(-12). Suppose u*a + 0 - 16 = 0. What is the remainder when t is divided by a?
2
Calculate the remainder when (7 + 15)*((-36)/8)/(-3) is divided by 4.
1
Suppose 5*o = -2*c + 79, 22*c - 2 = 21*c. What is the remainder when (-57 + 1)*(-3)/6 is divided by o?
13
Let b(a) = a + 1. Let r be b(1). Let k be -3 + 0 - (-13 - -3). Suppose k*s - r*s = 65. Calculate the remainder when 49 is divided by s.
10
Suppose -w - 19 = 4*a, a = w - 4*w - 2. Let y(f) = -f**3 - 5*f**2 + 7. Let x = -65 + 98. Calculate the remainder when x is divided by y(a).
5
Let g = 21 + 30. Suppose 2*h - 4*c = -0*h + 32, 4*c = -5*h + 94. What is the remainder when g is divided by h?
15
Suppose d = 10*y - 5*y + 19, -38 = -4*d + y. Calculate the remainder when d is divided by 9.
0
What is the remainder when -5 + (-9796)/(-24) + 5/6 is divided by 34?
30
Let d = 20 - 12. Let a be 6/(-4)*(-84)/9. Let y(z) = z + 8. What is the remainder when y(a) is divided by d?
6
Let f = -72 - -157. Suppose 3*m = -6*m + 270. What is the remainder when f is divided by m?
25
Suppose 43*k - 46*k - 228 = -5*i, -2*k = -i + 47. Suppose -2*v + 2*w = v - 666, 5*w = -v + 239. What is the remainder when v is divided by i?
44
Let n be (-1 + (3 - 1))*4. Suppose 4*o - 3*k = 427, -n*o - o - k = -529. Calculate the remainder when o is divided by 9.
7
Suppose 3*s - 28 = -o, -2*s + 4*o = 2*o - 24. Suppose -5*a + p = 5*p - 150, 3*a - 82 = -4*p. Calculate the remainder when a is divided by s.
4
Let w(n) = n**3 - 14*n**2 - 130*n - 2. What is the remainder when 1158 is divided by w(-6)?
56
Let y(c) = -c + 42. Let s be -2 + 2 - 1 - (3 + -15). Suppose -4*l + 72 = 4*x, 3*x - 11 = -l + 11. Calculate the remainder when y(s) is divided by l.
15
Let a = 125 + -54. Suppose 5*i - 2*j - 90 = 0, -i = i - 2*j - 36. Calculate the remainder when a is divided by i.
17
Suppose 0*s = 4*s - 104. Let t = 158 - 144. What is the remainder when s is divided by t?
12
Suppose 3*p = 2*q - 53, -2*q + 52 - 1 = -p. Let c(l) = l**2 + 15. Calculate the remainder when q is divided by c(0).
10
Suppose t - 13 - 37 = 5*y, -190 = -5*t + 5*y. Calculate the remainder when t is divided by 9.
8
Let v be (14/(-8))/(4/16). What is the remainder when 51 is divided by 18 + v - (1 + -1)?
7
Let r(x) = -x**3 + 12*x**2 + 11*x + 19. Let q be r(13). Let z(n) = -3*n - 41. Calculate the remainder when 2/q - 675/(-35) is divided by z(-17).
9
Let y = 26 - -13. Suppose -42 = -18*i + 8*i + 68. Calculate the remainder when y is divided by i.
6
Suppose 37*w - 174 = 8*w. Calculate the remainder when 91 is divided by w.
1
Let x(t) be the first derivative of t**3/3 - t**2/2 - 5*t + 1. Let d be x(0). C